me factors of 56524427.
56524427
What are the prime factors of 1618939152?
2, 3, 29, 387677
List the prime factors of 17979637.
13, 401, 3449
What are the prime factors of 20429757?
3, 2269973
What are the prime factors of 846587294?
2, 7, 19, 3182659
List the prime factors of 969321204.
2, 3, 1619, 16631
What are the prime factors of 108296569?
103, 1051423
What are the prime factors of 136092328?
2, 197, 86353
What are the prime factors of 1070932327?
5657, 189311
List the prime factors of 1146875421.
3, 37, 10332211
What are the prime factors of 1868026871?
41, 127, 358753
List the prime factors of 224379146.
2, 89, 563, 2239
What are the prime factors of 467638051?
19, 79, 311551
List the prime factors of 866708285.
5, 173341657
List the prime factors of 15792564.
2, 3, 47, 28001
List the prime factors of 1143190164.
2, 3, 3727, 25561
What are the prime factors of 6137714357?
17, 967, 373363
What are the prime factors of 847531711?
13, 65194747
What are the prime factors of 2656991552?
2, 41, 1012573
List the prime factors of 41229061.
71, 580691
List the prime factors of 149692312.
2, 7, 11, 41, 5927
What are the prime factors of 3992539520?
2, 5, 359, 17377
List the prime factors of 276745899.
3, 223, 499, 829
What are the prime factors of 560824087?
59, 9505493
List the prime factors of 2378253377.
2378253377
List the prime factors of 18395430.
2, 3, 5, 613181
List the prime factors of 5227035755.
5, 19, 457, 120397
List the prime factors of 1917850339.
163, 11765953
List the prime factors of 2787388180.
2, 5, 139369409
List the prime factors of 1135273659.
3, 13, 43, 676967
What are the prime factors of 112030784?
2, 523, 3347
What are the prime factors of 24605857?
317, 77621
List the prime factors of 2173591876.
2, 29, 41, 457021
What are the prime factors of 71222673?
3, 17, 1396523
List the prime factors of 1751045802.
2, 3, 11, 1759, 15083
List the prime factors of 24310631.
821, 29611
What are the prime factors of 211738633?
7459, 28387
What are the prime factors of 3164154852?
2, 3, 17, 29, 18443
List the prime factors of 1253884098.
2, 3, 208980683
List the prime factors of 665549389.
4133, 161033
What are the prime factors of 2815573784?
2, 151, 191, 12203
List the prime factors of 30654818.
2, 61, 71, 3539
What are the prime factors of 1417859150?
2, 5, 23, 157, 7853
List the prime factors of 438337215.
3, 5, 9740827
What are the prime factors of 31572908?
2, 19, 47, 8839
What are the prime factors of 6999941854?
2, 23, 152172649
What are the prime factors of 14479111?
521, 27791
What are the prime factors of 866208355?
5, 31, 47, 118903
List the prime factors of 634256987.
7, 13, 71, 89, 1103
What are the prime factors of 140646361?
37, 3801253
List the prime factors of 2480916737.
13, 29, 6580681
List the prime factors of 227295939.
3, 13, 29, 73, 2753
List the prime factors of 1694529028.
2, 89, 4759913
List the prime factors of 4204714324.
2, 617, 1703693
List the prime factors of 68578938.
2, 3, 3809941
List the prime factors of 823431010.
2, 5, 313, 263077
List the prime factors of 126819248.
2, 53, 149551
What are the prime factors of 2922418349?
2922418349
What are the prime factors of 660125932?
2, 491, 336113
What are the prime factors of 211395428?
2, 113, 467689
What are the prime factors of 4754031122?
2, 73, 4969, 6553
What are the prime factors of 16002020?
2, 5, 23, 43, 809
What are the prime factors of 8017790?
2, 5, 11, 72889
List the prime factors of 333444348.
2, 3, 9262343
List the prime factors of 2293168627.
2293168627
What are the prime factors of 546115675?
5, 7, 29, 107609
What are the prime factors of 143696969?
13, 11053613
List the prime factors of 628477301.
17, 37, 999169
List the prime factors of 4043425570.
2, 5, 6133, 65929
What are the prime factors of 3755306511?
3, 11, 17, 71, 2857
What are the prime factors of 34162268?
2, 7, 23, 53047
What are the prime factors of 3578380133?
17, 823, 255763
What are the prime factors of 107127162?
2, 3, 109, 54601
What are the prime factors of 3347690623?
3347690623
List the prime factors of 44063261.
11, 19, 43, 4903
List the prime factors of 4665946073.
877, 5320349
What are the prime factors of 33182102?
2, 1193, 13907
List the prime factors of 1881928935.
3, 5, 31, 1349053
What are the prime factors of 542176087?
17, 41, 777871
What are the prime factors of 2700096621?
3, 17, 31, 307, 5563
What are the prime factors of 809979340?
2, 5, 5431, 7457
List the prime factors of 217359408.
2, 3, 7, 29, 22307
List the prime factors of 128748880.
2, 5, 13, 43, 2879
List the prime factors of 60694792.
2, 23, 329863
List the prime factors of 63489779.
73, 139, 6257
What are the prime factors of 284009601?
3, 1301, 72767
What are the prime factors of 114020756?
2, 4127, 6907
List the prime factors of 184641199.
17, 103, 105449
List the prime factors of 288427296.
2, 3, 19, 158129
What are the prime factors of 20560683?
3, 11, 13, 4357
List the prime factors of 309946245.
3, 5, 7, 883, 3343
What are the prime factors of 381255080?
2, 5, 9531377
What are the prime factors of 1274478244?
2, 13, 79, 310243
List the prime factors of 7517071018.
2, 3758535509
What are the prime factors of 298449750?
2, 3, 5, 107, 3719
List the prime factors of 5577471926.
2, 13, 19, 61, 185089
What are the prime factors of 2268390350?
2, 5, 45367807
What are the prime factors of 35953141?
7, 5136163
What are the prime factors of 80462593?
80462593
List the prime factors of 105887483.
13, 71, 89, 1289
What are the prime factors of 235771020?
2, 3, 5, 73, 5981
What are the prime factors of 251361670?
2, 5, 7, 269, 1907
What are the prime factors of 1820448193?
61, 113, 264101
What are the prime factors of 25653834?
2, 3, 158357
What are the prime factors of 152736871?
7, 445297
List the prime factors of 771588376.
2, 13, 7419119
What are the prime factors of 13754912?
2, 421, 1021
What are the prime factors of 14992062?
2, 3, 17, 103, 1427
List the prime factors of 314868070.
2, 5, 11, 2862437
List the prime factors of 36970246.
2, 23, 811, 991
What are the prime factors of 2335752294?
2, 3, 53, 7345133
List the prime factors of 1332459992.
2, 4139, 40241
What are the prime factors of 5006540?
2, 5, 7, 11, 3251
What are the prime factors of 81826441?
81826441
List the prime factors of 364070205.
3, 5, 29, 278981
What are the prime factors of 5278121?
43, 131, 937
What are the prime factors of 19430716?
2, 4857679
List the prime factors of 554238215.
5, 3593, 30851
What are the prime factors of 2010503388?
2, 3, 31, 41, 193, 683
List the prime factors of 93267206.
2, 619, 75337
List the prime factors of 5800937.
31, 187127
List the prime factors of 103554691.
8293, 12487
List the prime factors of 46925203.
13, 73, 197, 251
What are the prime factors of 35488258?
2, 13, 739, 1847
What are the prime factors of 2130411515?
5, 1303, 327001
What are the prime factors of 885747444?
2, 3, 73812287
What are the prime factors of 223903343?
149, 389, 3863
List the prime factors of 2043546628.
2, 9679, 52783
List the prime factors of 420110882.
2, 210055441
List the prime factors of 92872395.
3, 5, 7, 11, 547
What are the prime factors of 192595347?
3, 7, 1019023
List the prime factors of 679897615.
5, 19, 7156817
What are the prime factors of 969112583?
59, 71, 231347
List the prime factors of 2665395121.
25447, 104743
What are the prime factors of 65909929?
89, 740561
What are the prime factors of 252671830?
2, 5, 25267183
What are the prime factors of 40589206?
2, 7, 19, 331, 461
What are the prime factors of 119494515?
3, 5, 7, 19, 89, 673
What are the prime factors of 4372152776?
2, 19, 28764163
What are the prime factors of 23818543?
7, 3402649
List the prime factors of 35637676.
2, 257, 34667
List the prime factors of 423805618.
2, 211902809
What are the prime factors of 12808112?
2, 79, 10133
What are the prime factors of 33688455?
3, 5, 83, 27059
List the prime factors of 27007811.
61, 373, 1187
List the prime factors of 457283127.
3, 7, 19, 41, 27953
What are the prime factors of 2667747681?
3, 71, 4174879
List the prime factors of 650049669.
3, 59, 193, 6343
What are the prime factors of 792736830?
2, 3, 5, 8808187
What are the prime factors of 1421575911?
3, 7, 29, 53, 277
What ar